{"id":72,"date":"2024-07-28T08:24:35","date_gmt":"2024-07-28T08:24:35","guid":{"rendered":"http:\/\/eviggladhuset.dk\/?page_id=72"},"modified":"2024-07-28T08:24:35","modified_gmt":"2024-07-28T08:24:35","slug":"hvad-skal-medbringes","status":"publish","type":"page","link":"https:\/\/eviggladhuset.dk\/?page_id=72","title":{"rendered":"HVAD SKAL MEDBRINGES"},"content":{"rendered":"\n<p><strong>Hvad skal I have med:<\/strong><\/p>\n\n\n\n<ul class=\"wp-block-list\">\n<li>Moderm\u00e6lk\/moderm\u00e6lkserstatning, gr\u00f8d og specialkost<\/li>\n\n\n\n<li>Hagesm\u00e6kke \u2013 de sm\u00e5<\/li>\n\n\n\n<li>Evt. sutter, nusseklud o.lign.<\/li>\n\n\n\n<li>Pude, hvis barnet bruger det<\/li>\n\n\n\n<li>Skiftet\u00f8j tilpasset \u00e5rstiden<\/li>\n\n\n\n<li>Fodt\u00f8j tilpasset \u00e5rstiden (med velcro, ikke sn\u00f8reb\u00e5nd)<\/li>\n\n\n\n<li>Overt\u00f8j efter \u00e5rstid<\/li>\n\n\n\n<li>Regnt\u00f8j og gummist\u00f8vler<\/li>\n\n\n\n<li>Hjemmesko<\/li>\n<\/ul>\n\n\n\n<p><strong>N\u00e5r barnet er fyldt 2 \u00e5r, \u00f8nsker jeg:<\/strong><\/p>\n\n\n\n<p>At barnet har undertr\u00f8je og underbukser p\u00e5 i stedet for bodystocking. Jeg potte- og toilettr\u00e6ner dagligt og \u00f8ver, at barnet selv skal kunne tage t\u00f8jet af og p\u00e5, hvilket er nemmere uden bodystocking.<\/p>\n\n\n\n<p><strong>Udend\u00f8rs aktivitet:<\/strong><\/p>\n\n\n\n<p>Vi er ude n\u00e6sten hver dag \u00e5ret rundt, uanset vind og vejr. Derfor er det vigtigt, at t\u00f8jet er tilpasset \u00e5rstiden.<\/p>\n\n\n\n<p><strong>Sovet\u00f8j:<\/strong><\/p>\n\n\n\n<p>Det vil v\u00e6re en fordel at have passende sovet\u00f8j med. For eksempel en tynd bluse om sommeren og en heldragt, uldsokker o.lign. om vinteren.<\/p>\n\n\n\n<p><strong>Udet\u00f8j:<\/strong><\/p>\n\n\n\n<p><strong>Sommer:<\/strong><\/p>\n\n\n\n<ul class=\"wp-block-list\">\n<li>Let jakke<\/li>\n\n\n\n<li>Tynd bluse<\/li>\n\n\n\n<li>Tynde bukser<\/li>\n\n\n\n<li>Shorts<\/li>\n\n\n\n<li>T-shirt<\/li>\n\n\n\n<li>Sko og sandaler med velcro<\/li>\n<\/ul>\n\n\n\n<p><strong>Vinter:<\/strong><\/p>\n\n\n\n<ul class=\"wp-block-list\">\n<li>Vinterst\u00f8vler (uden sn\u00f8reb\u00e5nd)<\/li>\n\n\n\n<li>Tykke uldsokker<\/li>\n\n\n\n<li>Undert\u00f8j<\/li>\n\n\n\n<li>Tykke tr\u00f8jer<\/li>\n\n\n\n<li>Bukser<\/li>\n\n\n\n<li>Vanter\/luffer<\/li>\n\n\n\n<li>Flyverdragt<\/li>\n\n\n\n<li>Regnt\u00f8j<\/li>\n<\/ul>\n\n\n\n<p>Is\u00e6r om vinteren er t\u00f8j af uld at foretr\u00e6kke, da uld transporterer sved v\u00e6k fra kroppen og holder barnet t\u00f8rt og varmt.<\/p>\n\n\n\n<p><strong>Barnevogn:<\/strong><\/p>\n\n\n\n<p>Medbring egen barnevogn med godkendt sele, regnslag, myggenet mm. Til de b\u00f8rn, som sover indend\u00f8rs, medbringes dyne og pude.<\/p>\n\n\n\n<p><strong>Opbevaring:<\/strong><\/p>\n\n\n\n<p>Alle b\u00f8rn f\u00e5r deres egen kasse til skiftet\u00f8j mm. Jeg vil opdatere jer, hvis der er noget, som mangler eller skal erstattes.<\/p>\n","protected":false},"excerpt":{"rendered":"<p>Hvad skal I have med: N\u00e5r barnet er fyldt 2 \u00e5r, \u00f8nsker jeg: At barnet har undertr\u00f8je og underbukser p\u00e5 i stedet for bodystocking. Jeg potte- og toilettr\u00e6ner dagligt og \u00f8ver, at barnet selv skal kunne tage t\u00f8jet af og p\u00e5, hvilket er nemmere uden bodystocking. Udend\u00f8rs aktivitet: Vi er ude n\u00e6sten hver dag \u00e5ret [&hellip;]<\/p>\n","protected":false},"author":1,"featured_media":0,"parent":0,"menu_order":0,"comment_status":"closed","ping_status":"closed","template":"","meta":{"footnotes":""},"class_list":["post-72","page","type-page","status-publish","hentry"],"_links":{"self":[{"href":"https:\/\/eviggladhuset.dk\/index.php?rest_route=\/wp\/v2\/pages\/72","targetHints":{"allow":["GET"]}}],"collection":[{"href":"https:\/\/eviggladhuset.dk\/index.php?rest_route=\/wp\/v2\/pages"}],"about":[{"href":"https:\/\/eviggladhuset.dk\/index.php?rest_route=\/wp\/v2\/types\/page"}],"author":[{"embeddable":true,"href":"https:\/\/eviggladhuset.dk\/index.php?rest_route=\/wp\/v2\/users\/1"}],"replies":[{"embeddable":true,"href":"https:\/\/eviggladhuset.dk\/index.php?rest_route=%2Fwp%2Fv2%2Fcomments&post=72"}],"version-history":[{"count":1,"href":"https:\/\/eviggladhuset.dk\/index.php?rest_route=\/wp\/v2\/pages\/72\/revisions"}],"predecessor-version":[{"id":75,"href":"https:\/\/eviggladhuset.dk\/index.php?rest_route=\/wp\/v2\/pages\/72\/revisions\/75"}],"wp:attachment":[{"href":"https:\/\/eviggladhuset.dk\/index.php?rest_route=%2Fwp%2Fv2%2Fmedia&parent=72"}],"curies":[{"name":"wp","href":"https:\/\/api.w.org\/{rel}","templated":true}]}}